 prime factors of 4047048531.
3, 233, 1929923
What are the prime factors of 4842540650?
2, 5, 3491, 27743
List the prime factors of 172219474.
2, 7, 12301391
What are the prime factors of 6270289466?
2, 7, 127, 1669, 2113
What are the prime factors of 1887121043?
23, 2411, 34031
List the prime factors of 24443297.
17, 1437841
List the prime factors of 43111609.
17, 2535977
What are the prime factors of 2301557926?
2, 1150778963
What are the prime factors of 24143290?
2, 5, 73, 33073
What are the prime factors of 130326043?
130326043
List the prime factors of 12845943.
3, 11, 129757
List the prime factors of 3605279854.
2, 11, 23, 47, 151597
List the prime factors of 1096147300.
2, 5, 41, 267353
What are the prime factors of 389067559?
17, 1093, 20939
List the prime factors of 58043965.
5, 7, 277, 5987
List the prime factors of 37061484.
2, 3, 3088457
List the prime factors of 112017164.
2, 7, 59, 67807
List the prime factors of 848956892.
2, 7, 2203, 13763
What are the prime factors of 76873594?
2, 7, 43, 277, 461
What are the prime factors of 312094521?
3, 23, 223, 6761
What are the prime factors of 34448482?
2, 19, 906539
What are the prime factors of 236534211?
3, 19, 659, 2099
What are the prime factors of 60782416?
2, 37, 102673
What are the prime factors of 2702020903?
2702020903
What are the prime factors of 91473361?
7, 37, 353179
List the prime factors of 143709390.
2, 3, 5, 11, 127
What are the prime factors of 47383888?
2, 709, 4177
List the prime factors of 748753568.
2, 3881, 6029
List the prime factors of 78877456.
2, 7, 100609
List the prime factors of 1762098819.
3, 13, 45182021
List the prime factors of 3346502.
2, 37, 41, 1103
List the prime factors of 88587840.
2, 3, 5, 11, 8389
List the prime factors of 366903158.
2, 183451579
List the prime factors of 574139851.
41, 107, 130873
List the prime factors of 88388192.
2, 31, 89101
What are the prime factors of 84530587?
84530587
What are the prime factors of 775993185?
3, 5, 11, 811, 1933
What are the prime factors of 537772471?
2683, 200437
List the prime factors of 4723577307.
3, 5231, 100333
What are the prime factors of 79107753?
3, 31, 691, 1231
What are the prime factors of 325600375?
5, 2604803
What are the prime factors of 118922612?
2, 29730653
What are the prime factors of 607657268?
2, 4643, 32719
What are the prime factors of 229896692?
2, 113, 508621
What are the prime factors of 225397513?
11, 19, 683, 1579
List the prime factors of 162161164.
2, 11, 17, 431, 503
List the prime factors of 58428587.
7, 37, 433, 521
List the prime factors of 3270559113.
3, 113, 119107
List the prime factors of 1023678082.
2, 7, 1699, 43037
List the prime factors of 204587129.
17, 313, 38449
What are the prime factors of 4304761522?
2, 17, 37, 503, 6803
What are the prime factors of 216430681?
216430681
What are the prime factors of 19145896?
2, 7, 11, 31081
List the prime factors of 37492625.
5, 299941
List the prime factors of 19637532.
2, 3, 349, 521
What are the prime factors of 717568761?
3, 7, 13, 103, 151
List the prime factors of 55402097.
55402097
What are the prime factors of 300967186?
2, 13, 149, 77689
What are the prime factors of 978218421?
3, 353, 923719
List the prime factors of 347709516.
2, 3, 7, 11, 31, 61, 199
List the prime factors of 175020168.
2, 3, 17, 149, 2879
List the prime factors of 1625319098.
2, 13, 67, 933019
List the prime factors of 100742345.
5, 11, 1831679
List the prime factors of 477805308.
2, 3, 41, 971149
List the prime factors of 80592316.
2, 7, 2878297
List the prime factors of 304214090.
2, 5, 83, 313, 1171
What are the prime factors of 3555392265?
3, 5, 241, 109279
What are the prime factors of 1015574171?
29, 139, 251941
What are the prime factors of 126312852?
2, 3, 10526071
What are the prime factors of 1930844077?
71, 103, 264029
What are the prime factors of 1493592521?
1493592521
What are the prime factors of 177810486?
2, 3, 7, 61, 69403
What are the prime factors of 22636242?
2, 3, 1257569
List the prime factors of 269553835.
5, 31, 1739057
What are the prime factors of 1449312?
2, 3, 31, 487
What are the prime factors of 21238563?
3, 7079521
What are the prime factors of 817634140?
2, 5, 37, 139, 7949
List the prime factors of 9372425.
5, 233, 1609
List the prime factors of 16977715.
5, 1277, 2659
What are the prime factors of 489953404?
2, 373, 541, 607
List the prime factors of 1202724966.
2, 3, 19, 109, 151, 641
List the prime factors of 2601790569.
3, 7, 6163, 6701
What are the prime factors of 162096009?
3, 54032003
List the prime factors of 786028451.
13, 60463727
What are the prime factors of 551744103?
3, 183914701
List the prime factors of 440964835.
5, 523, 168629
List the prime factors of 400555931.
709, 564959
What are the prime factors of 184836042?
2, 3, 10268669
What are the prime factors of 50144526?
2, 3, 17, 163871
List the prime factors of 347804255.
5, 37, 1880023
List the prime factors of 6096568711.
52957, 115123
List the prime factors of 634665984.
2, 3, 206597
List the prime factors of 536196328.
2, 5417, 12373
List the prime factors of 219696904.
2, 7, 3923159
List the prime factors of 4032314418.
2, 3, 11, 887, 68879
List the prime factors of 644439382.
2, 322219691
What are the prime factors of 205481009?
257, 677, 1181
What are the prime factors of 26501029?
19, 43, 163, 199
List the prime factors of 970033324.
2, 13, 107, 313, 557
What are the prime factors of 50569203?
3, 17, 19, 23, 2269
What are the prime factors of 89981894?
2, 44990947
What are the prime factors of 198022918?
2, 1061, 93319
List the prime factors of 78146784.
2, 3, 31, 8753
What are the prime factors of 60197944?
2, 241, 31223
What are the prime factors of 35608544?
2, 89, 12503
List the prime factors of 168699017.
168699017
What are the prime factors of 65190301?
11, 683, 8677
What are the prime factors of 1640916831?
3, 29, 31, 608423
List the prime factors of 1192117914.
2, 3, 13, 421, 12101
What are the prime factors of 8403313790?
2, 5, 2549, 329671
List the prime factors of 328848158.
2, 23, 83, 86131
List the prime factors of 202294793.
202294793
What are the prime factors of 1763822442?
2, 3, 61, 421, 11447
List the prime factors of 129889465.
5, 25977893
What are the prime factors of 5531912925?
3, 5, 7, 11, 47, 89, 229
List the prime factors of 27150366.
2, 3, 199, 22739
List the prime factors of 104069355.
3, 5, 13, 61, 673
What are the prime factors of 21760279?
43, 131, 3863
List the prime factors of 1995970641.
3, 7, 113, 229, 3673
List the prime factors of 7446509.
7, 37, 28751
List the prime factors of 196623095.
5, 39324619
What are the prime factors of 447358059?
3, 19, 15299
List the prime factors of 618020461.
618020461
List the prime factors of 1649392879.
73, 22594423
What are the prime factors of 7105365?
3, 5, 157897
What are the prime factors of 4600936392?
2, 3, 13, 2671, 5521
What are the prime factors of 713483829?
3, 17, 47, 33073
List the prime factors of 6208159151.
17377, 357263
List the prime factors of 699483757.
7, 99926251
What are the prime factors of 240910926?
2, 3, 971, 41351
List the prime factors of 844299472.
2, 52768717
What are the prime factors of 219746086?
2, 7, 2242307
List the prime factors of 18509738.
2, 13, 711913
What are the prime factors of 611380416?
2, 3, 3184273
List the prime factors of 44692068.
2, 3, 3724339
List the prime factors of 82851643.
7, 563, 21023
What are the prime factors of 1552826174?
2, 776413087
What are the prime factors of 97894622?
2, 7, 2003, 3491
What are the prime factors of 153807485?
5, 13, 149, 15881
List the prime factors of 47679123.
3, 2617, 6073
What are the prime factors of 2372248765?
5, 17, 27908809
List the prime factors of 391908724.
2, 163, 743, 809
What are the prime factors of 671109018?
2, 3, 31, 1327, 2719
What are the prime factors of 1198066647?
3, 29, 89, 359, 431
List the prime factors of 324148423.
324148423
List the prime factors of 2363361901.
313, 7550677
List the prime factors of 508441534.
2, 401, 633967
What are the prime factors of 153091146?
2, 3, 13, 1962707
List the prime factors of 83937861.
3, 7, 29, 45943
List the prime factors of 229173583.
17, 13480799
List the prime factors of 2219164718.
2, 1109582359
What